{"id":77,"date":"2023-08-04T20:34:51","date_gmt":"2023-08-04T20:34:51","guid":{"rendered":"https:\/\/sertega.com\/?post_type=product&#038;p=77"},"modified":"2023-08-05T02:13:55","modified_gmt":"2023-08-05T02:13:55","slug":"pao24tc21-metro-gilbarco","status":"publish","type":"product","link":"https:\/\/sertega.com\/index.php\/product\/pao24tc21-metro-gilbarco\/","title":{"rendered":"PAO24TC21 metro para Gilbarco Advantage"},"content":{"rendered":"<h3 style=\"text-align: left;\">Medido volum\u00e9trico Gilbarco, Calibraci\u00f3n mec\u00e1nica<\/h3>\n","protected":false},"excerpt":{"rendered":"<h3 style=\"text-align: left;\">Medido volum\u00e9trico Gilbarco, Calibraci\u00f3n mec\u00e1nica<\/h3>\n","protected":false},"featured_media":129,"comment_status":"open","ping_status":"closed","template":"","meta":{"om_disable_all_campaigns":false,"_monsterinsights_skip_tracking":false,"_monsterinsights_sitenote_active":false,"_monsterinsights_sitenote_note":"","_monsterinsights_sitenote_category":0},"product_cat":[65,68,59,60],"product_tag":[69,54,55],"aioseo_notices":[],"_links":{"self":[{"href":"https:\/\/sertega.com\/index.php\/wp-json\/wp\/v2\/product\/77"}],"collection":[{"href":"https:\/\/sertega.com\/index.php\/wp-json\/wp\/v2\/product"}],"about":[{"href":"https:\/\/sertega.com\/index.php\/wp-json\/wp\/v2\/types\/product"}],"replies":[{"embeddable":true,"href":"https:\/\/sertega.com\/index.php\/wp-json\/wp\/v2\/comments?post=77"}],"wp:featuredmedia":[{"embeddable":true,"href":"https:\/\/sertega.com\/index.php\/wp-json\/wp\/v2\/media\/129"}],"wp:attachment":[{"href":"https:\/\/sertega.com\/index.php\/wp-json\/wp\/v2\/media?parent=77"}],"wp:term":[{"taxonomy":"product_cat","embeddable":true,"href":"https:\/\/sertega.com\/index.php\/wp-json\/wp\/v2\/product_cat?post=77"},{"taxonomy":"product_tag","embeddable":true,"href":"https:\/\/sertega.com\/index.php\/wp-json\/wp\/v2\/product_tag?post=77"}],"curies":[{"name":"wp","href":"https:\/\/api.w.org\/{rel}","templated":true}]}}